ivided by 19?
11
Calculate the remainder when 8187 is divided by 128.
123
What is the remainder when 58 is divided by 32?
26
What is the remainder when 171 is divided by 86?
85
Calculate the remainder when 34 is divided by 6.
4
Calculate the remainder when 591 is divided by 77.
52
What is the remainder when 12626 is divided by 61?
60
What is the remainder when 191 is divided by 31?
5
Calculate the remainder when 307 is divided by 29.
17
Calculate the remainder when 53 is divided by 24.
5
Calculate the remainder when 16846 is divided by 162.
160
What is the remainder when 67 is divided by 54?
13
What is the remainder when 681 is divided by 18?
15
What is the remainder when 908 is divided by 180?
8
Calculate the remainder when 18715 is divided by 160.
155
What is the remainder when 730 is divided by 49?
44
Calculate the remainder when 1052 is divided by 279.
215
What is the remainder when 3430 is divided by 28?
14
What is the remainder when 2665 is divided by 92?
89
What is the remainder when 900 is divided by 41?
39
Calculate the remainder when 2391 is divided by 1169.
53
Calculate the remainder when 310 is divided by 60.
10
Calculate the remainder when 366 is divided by 53.
48
What is the remainder when 55 is divided by 23?
9
What is the remainder when 57 is divided by 45?
12
What is the remainder when 62034 is divided by 13?
11
What is the remainder when 26 is divided by 7?
5
What is the remainder when 456 is divided by 92?
88
What is the remainder when 1174 is divided by 271?
90
Calculate the remainder when 263 is divided by 67.
62
Calculate the remainder when 8367 is divided by 30.
27
What is the remainder when 255 is divided by 89?
77
What is the remainder when 2833 is divided by 135?
133
What is the remainder when 165 is divided by 80?
5
What is the remainder when 525 is divided by 111?
81
What is the remainder when 59 is divided by 12?
11
Calculate the remainder when 2911 is divided by 1449.
13
What is the remainder when 542 is divided by 116?
78
What is the remainder when 69 is divided by 12?
9
Calculate the remainder when 379 is divided by 17.
5
What is the remainder when 1488 is divided by 471?
75
Calculate the remainder when 503 is divided by 71.
6
Calculate the remainder when 179 is divided by 21.
11
What is the remainder when 228 is divided by 93?
42
Calculate the remainder when 998 is divided by 100.
98
Calculate the remainder when 736 is divided by 11.
10
Calculate the remainder when 1462 is divided by 207.
13
Calculate the remainder when 714 is divided by 222.
48
What is the remainder when 173 is divided by 22?
19
Calculate the remainder when 319 is divided by 19.
15
What is the remainder when 19385 is divided by 148?
145
What is the remainder when 158 is divided by 35?
18
What is the remainder when 6892 is divided by 57?
52
What is the remainder when 109 is divided by 14?
11
What is the remainder when 136 is divided by 41?
13
What is the remainder when 557 is divided by 16?
13
Calculate the remainder when 134 is divided by 34.
32
What is the remainder when 106 is divided by 37?
32
Calculate the remainder when 547 is divided by 93.
82
What is the remainder when 484 is divided by 119?
8
What is the remainder when 432 is divided by 31?
29
Calculate the remainder when 256 is divided by 65.
61
What is the remainder when 396 is divided by 110?
66
What is the remainder when 725 is divided by 114?
41
What is the remainder when 935 is divided by 46?
15
Calculate the remainder when 802 is divided by 209.
175
What is the remainder when 391 is divided by 18?
13
What is the remainder when 90 is divided by 6?
0
Calculate the remainder when 11813 is divided by 39.
35
Calculate the remainder when 884 is divided by 10.
4
Calculate the remainder when 21 is divided by 15.
6
What is the remainder when 244 is divided by 19?
16
Calculate the remainder when 541 is divided by 29.
19
What is the remainder when 76 is divided by 10?
6
Calculate the remainder when 395 is divided by 24.
11
What is the remainder when 923 is divided by 11?
10
What is the remainder when 68 is divided by 14?
12
What is the remainder when 100 is divided by 15?
10
What is the remainder when 296 is divided by 64?
40
What is the remainder when 2903 is divided by 1430?
43
What is the remainder when 202 is divided by 6?
4
Calculate the remainder when 48997 is divided by 40.
37
Calculate the remainder when 828 is divided by 42.
30
What is the remainder when 1454 is divided by 104?
102
What is the remainder when 143 is divided by 40?
23
What is the remainder when 504 is divided by 137?
93
Calculate the remainder when 231 is divided by 9.
6
Calculate the remainder when 242 is divided by 21.
11
Calculate the remainder when 29 is divided by 16.
13
Calculate the remainder when 8728 is divided by 41.
36
What is the remainder when 2146 is divided by 7?
4
Calculate the remainder when 266 is divided by 150.
116
What is the remainder when 241 is divided by 44?
21
What is the remainder when 1194 is divided by 26?
24
What is the remainder when 728 is divided by 107?
86
What is the remainder when 12647 is divided by 204?
203
What is the remainder when 30 is divided by 18?
12
What is the remainder when 1963 is divided by 132?
115
What is the remainder when 303 is divided by 17?
14
Calculate the remainder when 2810 is divided by 16.
10
Calculate the remainder when 4638 is divided by 18.
12
Calculate the remainder when 148 is divided by 39.
31
What is the remainder when 294 is divided by 128?
38
What is the remainder when 245 is divided by 63?
56
Calculate the remainder when 391 is divided by 170.
51
Calculate the remainder when 394 is divided by 79.
78
What is the remainder when 91 is divided by 16?
11
Calculate the remainder when 365 is divided by 13.
1
Calculate the remainder when 78 is divided by 39.
0
Calculate the remainder when 566 is divided by 57.
53
Calculate the remainder when 946 is divided by 106.
98
What is the remainder when 648 is divided by 17?
2
What is the remainder when 8 is divided by 1?
0
Calculate the remainder when 68 is divided by 57.
11
What is the remainder when 262 is divided by 119?
24
Calculate the remainder when 2696 is divided by 159.
152
Calculate the remainder when 5421 is divided by 187.
185
Calculate the remainder when 675 is divided by 72.
27
Calculate the remainder when 38 is divided by 5.
3
What is the remainder when 22361 is divided by 107?
105
Calculate the remainder when 114 is divided by 12.
6
Calculate the remainder when 301 is divided by 28.
21
Calculate the remainder when 298 is divided by 72.
10
What is the remainder when 153 is divided by 42?
27
Calculate the remainder when 517 is divided by 20.
17
What is the remainder when 2216 is divided by 14?
4
What is the remainder when 5283 is divided by 27?
18
Calculate the remainder when 514 is divided by 243.
28
Calculate the remainder when 1027 is divided by 103.
100
Calculate the remainder when 107 is divided by 55.
52
What is the remainder when 525 is divided by 17?
15
What is the remainder when 145 is divided by 37?
34
Calculate the remainder when 2039 is divided by 120.
119
What is the remainder when 2245 is divided by 70?
5
Calculate the remainder when 995 is divided by 72.
59
Calculate the remainder when 590 is divided by 39.
5
Calculate the remainder when 58 is divided by 51.
7
What is the remainder when 518 is divided by 104?
102
What is the remainder when 275 is divided by 98?
79
What is the remainder when 4730 is divided by 14?
12
What is the remainder when 1222 is divided by 35?
32
Calculate the remainder when 116 is divided by 54.
8
Calculate the remainder when 121 is divided by 41.
39
What is the remainder when 2443 is divided by 94?
93
Calculate the remainder when 283 is divided by 22.
19
Calculate the remainder when 476 is divided by 81.
71
Calculate the remainder when 1034 is divided by 115.
114
Calculate the remainder when 153 is divided by 21.
6
Calculate the remainder when 985 is divided by 62.
55
Calculate the remainder when 849 is divided by 107.
100
Calculate the remainder when 100 is divided by 17.
15
What is the remainder when 3005 is divided by 115?
15
What is the remainder when 4652 is divided by 19?
16
What is the remainder when 24 is divided by 6?
0
What is the remainder when